{"id":10961,"date":"2025-05-28T12:49:34","date_gmt":"2025-05-28T12:49:34","guid":{"rendered":"https:\/\/www.ankaralicati.com.tr\/?page_id=10961"},"modified":"2025-05-28T12:49:34","modified_gmt":"2025-05-28T12:49:34","slug":"kvkk","status":"publish","type":"page","link":"https:\/\/www.ankaralicati.com.tr\/index.php\/kvkk\/","title":{"rendered":"KVKK"},"content":{"rendered":"<h2 data-start=\"96\" data-end=\"157\">K\u0130\u015e\u0130SEL VER\u0130LER\u0130N KORUNMASI KANUNU (KVKK) AYDINLATMA METN\u0130<\/h2>\n<p data-start=\"159\" data-end=\"394\"><strong data-start=\"159\" data-end=\"178\">Veri Sorumlusu:<\/strong><br data-start=\"178\" data-end=\"181\" \/>Bu ayd\u0131nlatma metni, <strong data-start=\"202\" data-end=\"218\">Ankaral\u0131\u00e7at\u0131<\/strong> (\u201c\u015eirket\u201d) olarak, 6698 say\u0131l\u0131 Ki\u015fisel Verilerin Korunmas\u0131 Kanunu (\u201cKVKK\u201d) kapsam\u0131nda ki\u015fisel verilerinizin i\u015flenmesine ili\u015fkin sizleri bilgilendirmek amac\u0131yla haz\u0131rlanm\u0131\u015ft\u0131r.<\/p>\n<p data-start=\"396\" data-end=\"575\"><strong data-start=\"396\" data-end=\"424\">\u0130\u015flenen Ki\u015fisel Veriler:<\/strong><br data-start=\"424\" data-end=\"427\" \/>Taraf\u0131m\u0131za iletti\u011finiz ad, soyad, telefon numaras\u0131, e-posta adresi ve di\u011fer ileti\u015fim bilgileriniz; hizmet talebiniz do\u011frultusunda i\u015flenebilmektedir.<\/p>\n<p data-start=\"577\" data-end=\"634\"><strong data-start=\"577\" data-end=\"602\">Veri \u0130\u015fleme Ama\u00e7lar\u0131:<\/strong><br data-start=\"602\" data-end=\"605\" \/>Toplanan ki\u015fisel verileriniz;<\/p>\n<ul data-start=\"635\" data-end=\"890\">\n<li data-start=\"635\" data-end=\"681\">\n<p data-start=\"637\" data-end=\"681\">Hizmet sunmak ve taleplerinize yan\u0131t vermek,<\/p>\n<\/li>\n<li data-start=\"682\" data-end=\"729\">\n<p data-start=\"684\" data-end=\"729\">Teklif ve fiyatland\u0131rma s\u00fcre\u00e7lerini y\u00fcr\u00fctmek,<\/p>\n<\/li>\n<li data-start=\"730\" data-end=\"763\">\n<p data-start=\"732\" data-end=\"763\">M\u00fc\u015fteri memnuniyetini sa\u011flamak,<\/p>\n<\/li>\n<li data-start=\"764\" data-end=\"809\">\n<p data-start=\"766\" data-end=\"809\">S\u00f6zle\u015fme s\u00fcre\u00e7lerini ve ileti\u015fimi y\u00fcr\u00fctmek,<\/p>\n<\/li>\n<li data-start=\"810\" data-end=\"890\">\n<p data-start=\"812\" data-end=\"890\">Yasal y\u00fck\u00fcml\u00fcl\u00fckleri yerine getirmek<br \/>\nama\u00e7lar\u0131yla s\u0131n\u0131rl\u0131 olarak i\u015flenmektedir.<\/p>\n<\/li>\n<\/ul>\n<p data-start=\"892\" data-end=\"1109\"><strong data-start=\"892\" data-end=\"923\">Ki\u015fisel Verilerin Aktar\u0131m\u0131:<\/strong><br data-start=\"923\" data-end=\"926\" \/>Verileriniz, ilgili mevzuatlar kapsam\u0131nda yaln\u0131zca yetkili kamu kurum ve kurulu\u015flar\u0131na, gerekti\u011finde hizmet sa\u011flay\u0131c\u0131 firmalar\u0131m\u0131za ve yasal y\u00fck\u00fcml\u00fcl\u00fckler do\u011frultusunda aktar\u0131labilir.<\/p>\n<p data-start=\"1111\" data-end=\"1252\"><strong data-start=\"1111\" data-end=\"1135\">Veri Saklama S\u00fcresi:<\/strong><br data-start=\"1135\" data-end=\"1138\" \/>Ki\u015fisel verileriniz, veri i\u015fleme amac\u0131n\u0131n gerektirdi\u011fi s\u00fcre boyunca ve ilgili yasal s\u00fcreler \u00e7er\u00e7evesinde saklan\u0131r.<\/p>\n<p data-start=\"1254\" data-end=\"1320\"><strong data-start=\"1254\" data-end=\"1287\">KVKK Kapsam\u0131ndaki Haklar\u0131n\u0131z:<\/strong><br data-start=\"1287\" data-end=\"1290\" \/>KVKK\u2019n\u0131n 11. maddesi uyar\u0131nca;<\/p>\n<ul data-start=\"1321\" data-end=\"1954\">\n<li data-start=\"1321\" data-end=\"1375\">\n<p data-start=\"1323\" data-end=\"1375\">Ki\u015fisel verilerinizin i\u015flenip i\u015flenmedi\u011fini \u00f6\u011frenme,<\/p>\n<\/li>\n<li data-start=\"1376\" data-end=\"1419\">\n<p data-start=\"1378\" data-end=\"1419\">\u0130\u015flenmi\u015fse buna ili\u015fkin bilgi talep etme,<\/p>\n<\/li>\n<li data-start=\"1420\" data-end=\"1489\">\n<p data-start=\"1422\" data-end=\"1489\">\u0130\u015flenme amac\u0131n\u0131 ve amaca uygun kullan\u0131l\u0131p kullan\u0131lmad\u0131\u011f\u0131n\u0131 \u00f6\u011frenme,<\/p>\n<\/li>\n<li data-start=\"1490\" data-end=\"1540\">\n<p data-start=\"1492\" data-end=\"1540\">Verilerinizin aktar\u0131ld\u0131\u011f\u0131 \u00fc\u00e7\u00fcnc\u00fc ki\u015fileri bilme,<\/p>\n<\/li>\n<li data-start=\"1541\" data-end=\"1594\">\n<p data-start=\"1543\" data-end=\"1594\">Eksik veya yanl\u0131\u015f i\u015flenmi\u015fse d\u00fczeltilmesini isteme,<\/p>\n<\/li>\n<li data-start=\"1595\" data-end=\"1664\">\n<p data-start=\"1597\" data-end=\"1664\">Kanuni \u015fartlar \u00e7er\u00e7evesinde silinmesini veya yok edilmesini isteme,<\/p>\n<\/li>\n<li data-start=\"1665\" data-end=\"1737\">\n<p data-start=\"1667\" data-end=\"1737\">D\u00fczeltme\/silme i\u015flemlerinin \u00fc\u00e7\u00fcnc\u00fc ki\u015filere bildirilmesini talep etme,<\/p>\n<\/li>\n<li data-start=\"1738\" data-end=\"1827\">\n<p data-start=\"1740\" data-end=\"1827\">Otomatik sistemlerle analiz sonucu aleyhinize bir sonucun ortaya \u00e7\u0131kmas\u0131na itiraz etme,<\/p>\n<\/li>\n<li data-start=\"1828\" data-end=\"1954\">\n<p data-start=\"1830\" data-end=\"1954\">Ki\u015fisel verilerinizin hukuka ayk\u0131r\u0131 i\u015flenmesi sebebiyle zarara u\u011framan\u0131z h\u00e2linde tazminat talep etme<br data-start=\"1930\" data-end=\"1933\" \/>haklar\u0131na sahipsiniz.<\/p>\n<\/li>\n<\/ul>\n<p data-start=\"1956\" data-end=\"2095\"><strong data-start=\"1956\" data-end=\"1968\">Ba\u015fvuru:<\/strong><br data-start=\"1968\" data-end=\"1971\" \/>KVKK kapsam\u0131ndaki haklar\u0131n\u0131z\u0131 kullanmak i\u00e7in bizimle <strong data-start=\"2024\" data-end=\"2052\"><a class=\"cursor-pointer\" rel=\"noopener\" data-start=\"2026\" data-end=\"2050\">info@ankaralicati.com.tr<\/a><\/strong> adresi \u00fczerinden ileti\u015fime ge\u00e7ebilirsiniz.<\/p>\n","protected":false},"excerpt":{"rendered":"<p>K\u0130\u015e\u0130SEL VER\u0130LER\u0130N KORUNMASI KANUNU (KVKK) AYDINLATMA METN\u0130 Veri Sorumlusu:Bu ayd\u0131nlatma metni, Ankaral\u0131\u00e7at\u0131 (\u201c\u015eirket\u201d) olarak, 6698 say\u0131l\u0131 Ki\u015fisel Verilerin Korunmas\u0131 Kanunu (\u201cKVKK\u201d) kapsam\u0131nda ki\u015fisel verilerinizin i\u015flenmesine ili\u015fkin sizleri bilgilendirmek amac\u0131yla haz\u0131rlanm\u0131\u015ft\u0131r. \u0130\u015flenen Ki\u015fisel Veriler:Taraf\u0131m\u0131za iletti\u011finiz ad, soyad, telefon numaras\u0131, e-posta adresi ve di\u011fer ileti\u015fim bilgileriniz; hizmet talebiniz do\u011frultusunda i\u015flenebilmektedir. Veri \u0130\u015fleme Ama\u00e7lar\u0131:Toplanan ki\u015fisel verileriniz; Hizmet sunmak<\/p>\n","protected":false},"author":1,"featured_media":0,"parent":0,"menu_order":0,"comment_status":"closed","ping_status":"closed","template":"","meta":{"inline_featured_image":false,"_monsterinsights_skip_tracking":false,"_monsterinsights_sitenote_active":false,"_monsterinsights_sitenote_note":"","_monsterinsights_sitenote_category":0,"footnotes":""},"class_list":["post-10961","page","type-page","status-publish","hentry"],"aioseo_notices":[],"_links":{"self":[{"href":"https:\/\/www.ankaralicati.com.tr\/index.php\/wp-json\/wp\/v2\/pages\/10961","targetHints":{"allow":["GET"]}}],"collection":[{"href":"https:\/\/www.ankaralicati.com.tr\/index.php\/wp-json\/wp\/v2\/pages"}],"about":[{"href":"https:\/\/www.ankaralicati.com.tr\/index.php\/wp-json\/wp\/v2\/types\/page"}],"author":[{"embeddable":true,"href":"https:\/\/www.ankaralicati.com.tr\/index.php\/wp-json\/wp\/v2\/users\/1"}],"replies":[{"embeddable":true,"href":"https:\/\/www.ankaralicati.com.tr\/index.php\/wp-json\/wp\/v2\/comments?post=10961"}],"version-history":[{"count":1,"href":"https:\/\/www.ankaralicati.com.tr\/index.php\/wp-json\/wp\/v2\/pages\/10961\/revisions"}],"predecessor-version":[{"id":10962,"href":"https:\/\/www.ankaralicati.com.tr\/index.php\/wp-json\/wp\/v2\/pages\/10961\/revisions\/10962"}],"wp:attachment":[{"href":"https:\/\/www.ankaralicati.com.tr\/index.php\/wp-json\/wp\/v2\/media?parent=10961"}],"curies":[{"name":"wp","href":"https:\/\/api.w.org\/{rel}","templated":true}]}}